de 832?
True
Does 53 divide 2498?
False
Is 7 a factor of 1003?
False
Does 149 divide 3596?
False
Is 52 a factor of 1446?
False
Is 10 a factor of 4370?
True
Does 2 divide 1185?
False
Does 25 divide 103?
False
Is 17387 a multiple of 13?
False
Is 23846 a multiple of 110?
False
Is 19 a factor of 532?
True
Is 67752 a multiple of 8?
True
Is 10 a factor of 4537?
False
Is 797 a multiple of 3?
False
Does 24 divide 401?
False
Is 5760 a multiple of 24?
True
Does 31 divide 3968?
True
Is 924 a multiple of 22?
True
Does 94 divide 31618?
False
Does 169 divide 24213?
False
Is 85 a factor of 792?
False
Is 17 a factor of 13413?
True
Is 28 a factor of 2240?
True
Does 10 divide 1350?
True
Does 9 divide 612?
True
Is 125 a factor of 10899?
False
Is 386 a factor of 69669?
False
Is 109095 a multiple of 21?
True
Does 11 divide 1397?
True
Does 16 divide 4720?
True
Does 79 divide 18723?
True
Is 608 a multiple of 7?
False
Is 14 a factor of 14113?
False
Is 570 a multiple of 30?
True
Is 47 a factor of 21338?
True
Is 22 a factor of 1430?
True
Is 162 a factor of 10131?
False
Is 8118 a multiple of 66?
True
Does 37 divide 21534?
True
Does 185 divide 33115?
True
Is 56 a factor of 11256?
True
Is 66988 a multiple of 15?
False
Is 6379 a multiple of 23?
False
Does 94 divide 15040?
True
Is 73 a multiple of 2?
False
Does 11 divide 33?
True
Does 3 divide 159?
True
Does 20 divide 1260?
True
Does 29 divide 663?
False
Is 68 a factor of 11152?
True
Is 6 a factor of 3060?
True
Does 9 divide 7631?
False
Is 63438 a multiple of 327?
True
Is 7 a factor of 7?
True
Is 7400 a multiple of 25?
True
Is 268 a multiple of 120?
False
Is 27 a factor of 270?
True
Is 1517 a multiple of 37?
True
Does 2 divide 1669?
False
Does 13 divide 988?
True
Is 28182 a multiple of 11?
True
Does 106 divide 3498?
True
Is 1903 a multiple of 14?
False
Does 16 divide 6695?
False
Does 36 divide 1070?
False
Is 74 a factor of 22126?
True
Is 10 a factor of 2205?
False
Does 98 divide 712?
False
Is 432 a multiple of 18?
True
Is 432 a multiple of 36?
True
Is 836 a multiple of 38?
True
Is 24 a factor of 720?
True
Is 140 a multiple of 14?
True
Is 25758 a multiple of 6?
True
Is 9 a factor of 1054?
False
Is 371 even?
False
Does 4 divide 116?
True
Is 1693 a multiple of 61?
False
Is 15 a factor of 25320?
True
Is 87 a factor of 12789?
True
Does 81 divide 729?
True
Does 12 divide 205?
False
Is 25230 a multiple of 30?
True
Is 24 a factor of 2333?
False
Does 50 divide 158?
False
Is 39 a factor of 848?
False
Is 592 a multiple of 4?
True
Is 18 a factor of 1276?
False
Is 2933 a multiple of 16?
False
Is 29 a factor of 1521?
False
Is 32 a factor of 443?
False
Is 7306 a multiple of 11?
False
Does 20 divide 21200?
True
Is 9 a factor of 42102?
True
Does 2 divide 168?
True
Does 43 divide 86?
True
Is 17 a factor of 35463?
False
Does 17 divide 37803?
False
Does 34 divide 67048?
True
Is 999 a multiple of 27?
True
Does 10 divide 2321?
False
Does 18 divide 1315?
False
Is 183 a multiple of 32?
False
Is 1597 a multiple of 19?
False
Does 37 divide 48433?
True
Is 3 a factor of 1101?
True
Does 179 divide 21301?
True
Does 78 divide 90948?
True
Is 4 a factor of 297?
False
Is 2870 a multiple of 6?
False
Is 19 a factor of 13999?
False
Is 7 a factor of 264?
False
Is 18704 a multiple of 167?
True
Does 2 divide 4799?
False
Is 19 a factor of 323?
True
Is 8134 a multiple of 142?
False
Is 800 a multiple of 10?
True
Is 32 a factor of 64?
True
Does 55 divide 1236?
False
Is 50 a factor of 300?
True
Is 40 a factor of 13728?
False
Is 5280 a multiple of 20?
True
Does 4 divide 276?
True
Is 916 a multiple of 16?
False
Is 5282 a multiple of 139?
True
Is 27 a factor of 156?
False
Does 92 divide 8350?
False
Is 3 a factor of 822?
True
Is 5045 a multiple of 24?
False
Does 23 divide 989?
True
Does 84 divide 35784?
True
Is 18 a factor of 8099?
False
Is 30 a factor of 99?
False
Does 35 divide 1280?
False
Is 10 a factor of 4484?
False
Does 26 divide 559?
False
Does 31 divide 6351?
False
Does 49 divide 5162?
False
Is 25 a factor of 4525?
True
Does 39 divide 23028?
False
Is 14700 a multiple of 30?
True
Is 7440 a multiple of 15?
True
Does 24 divide 984?
True
Is 29 a factor of 87?
True
Is 7964 a multiple of 61?
False
Is 10 a factor of 5243?
False
Is 308 a multiple of 11?
True
Is 74480 a multiple of 56?
True
Is 174 a factor of 22840?
False
Is 1744 a multiple of 16?
True
Is 144592 a multiple of 16?
True
Is 5 a factor of 2082?
False
Does 187 divide 77440?
False
Does 16 divide 4257?
False
Is 8 a factor of 126?
False
Is 192 a multiple of 12?
True
Is 109 a factor of 2288?
False
Is 1214 a multiple of 27?
False
Is 7 a factor of 1186?
False
Does 35 divide 6860?
True
Does 20 divide 72760?
True
Does 57 divide 1026?
True
Does 19 divide 798?
True
Is 440 a multiple of 22?
True
Is 34 a factor of 115464?
True
Does 38 divide 10374?
True
Is 2 a factor of 198?
True
Is 4033 a multiple of 18?
False
Does 2 divide 217?
False
Is 2218 a multiple of 93?
False
Is 4 a factor of 19932?
True
Does 11 divide 7942?
True
Is 22 a factor of 110?
True
Is 135 a multiple of 5?
True
Does 2 divide 92?
True
Is 7 a factor of 19159?
True
Is 10979 a multiple of 8?
False
Does 105 divide 46470?
False
Is 192 a multiple of 2?
True
Is 18 a factor of 16146?
True
Is 3 a factor of 723?
True
Is 314 a multiple of 17?
False
Is 59 a factor of 4130?
True
Is 13 a factor of 296?
False
Is 30 a factor of 671?
False
Is 15 a factor of 62430?
True
Is 2968 a multiple of 6?
False
Is 372 a factor of 53196?
True
Does 8 divide 1428?
False
Is 851 a multiple of 23?
True
Does 53 divide 689?
True
Is 113 a factor of 4386?
False
Does 29 divide 796?
False
Is 16 a factor of 30112?
True
Is 13936 a multiple of 26?
True
Is 100 a factor of 495?
False
Is 38 a factor of 11552?
True
Is 16147 a multiple of 4?
False
Does 47 divide 96?
False
Does 23 divide 1410?
False
Does 27 divide 864?
True
Is 8988 a multiple of 28?
True
Does 53 divide 4006?
False
Does 91 divide 13013?
True
Is 1103 a multiple of 37?
False
Does 10 divide 498?
False
Is 2636 a multiple of 14?
False
Does 54 divide 1670?
False
Is 58 a factor of 9048?
True
Is 324 a multiple of 27?
True
Is 25 a factor of 9775?
True
Is 42 a factor of 5145?
False
Is 60522 a multiple of 33?
True
Is 12 a factor of 10152?
True
Is 816 a multiple of 3?
True
Is 1470 a multiple of 15?
True
Is 225 a multiple of 75?
True
Does 7 divide 35?
True
Does 26 divide 962?
True
Is 20 a factor of 12690?
False
Is 23925 a multiple of 20?
False
Does 10 divide 3327?
False
Does 17 divide 10720?
False
Is 150 a multiple of 21?
False
Is 874 a multiple of 38?
True
Is 11 a factor of 99?
True
Does 22 divide 4598?
True
Is 279 a multiple of 26?
False
Does 25 divide 1125?
True
Does 18 divide 338?
False
Is 5 a factor of 2820?
True
Is 48021 a multiple of 11?
False
Does 14 divide 322?
True
Is 11880 a multiple of 6?
True
Is 380 a multiple of 24?
False
Does 74 divide 11829?
False
Is 1239 a multiple of 21?
True
Does 8 divide 4038?
False
Does 6 divide 9323?
False
Is 11 a factor of 5841?
True
Does 144 divide 7181?
False
Does 13 divide 34541?
True
Is 3177 a multiple of 9?
True
Is 5 a factor of 27217?
False
Does 5 divide 1105?
True
Is 248 a multiple of 9?
False
Is 3800 a multiple of 57?
False
Is 8 a factor of 656?
True
Is 245 a multiple of 53?
False
Does 23 divide 409?
False
Does 38 divide 19646?
True
Does 116 divide 112636?
True
Is 28 a factor of 5157?
False
Does 5 divide 1240?
True
Does 71 divide 70361?
True
Is 12 a factor of 9920?
False
Does 36 divide 216?
True
Does 14 divide 658?
True
Does 6 divide 882?
True
Is 10 a factor of 15090?
True
Is 20435 a multiple of 2?
False
Does 2 divide 6092?
True
Is 3682 a multiple of 7?
True
Is 6085 a multiple of 85?
False
Is 21 a factor of 23436?
True
Does 6 divide 165?
False
Is 6985 a multiple of 55?
True
Is 9190 a multiple of 22?
False
Is 42895 a multiple of 69?
False
Is 43860 a multiple of 10?
True
Does 5 divide 421?
False
Does 15 divide 585?
True
Does 4 divide 1481?
False
Is 17248 a multiple of 28?
True
Is 39 a factor of 8268?
True
Is 105 a factor of 13562?
False
Is 245 a multiple of 7?
True
Is 9998 a multiple of 18?
False
Is 261 a factor of 45675?
True
Does 40 divide 1773?
False
Is 2 a factor of 2625?
False
Is 10 a factor of 1347?
False
Does 28 divide 988?
False
Is 38 a factor of 769?
False
Is 1728 a multiple of 36?
True
Does 6 d